{"id":58,"date":"2017-11-07T19:57:27","date_gmt":"2017-11-07T19:57:27","guid":{"rendered":"http:\/\/grundschule-geisa.de\/?page_id=58"},"modified":"2019-03-17T16:06:08","modified_gmt":"2019-03-17T16:06:08","slug":"schulkonzept-leitbild","status":"publish","type":"page","link":"https:\/\/www.grundschule-geisa.de\/?page_id=58","title":{"rendered":"Leitbild"},"content":{"rendered":"\n<p><\/p>\n\n\n\n<p><strong>1.&nbsp;&nbsp;&nbsp;&nbsp;&nbsp;&nbsp;&nbsp;&nbsp; Unterricht<\/strong><\/p>\n\n\n\n<p>Ein guter\nSch\u00fcler steht im Mittelpunkt aller Bem\u00fchungen. Unser Unterricht wird so\ngestaltet, dass alle Sch\u00fcler das Lernen erlernen. Wir unterst\u00fctzen die Sch\u00fcler\nbei dem Prozess sowohl durch offene Unterrichtsformen als auch durch innere und\n\u00e4u\u00dfere Differenzierung.<\/p>\n\n\n\n<p><strong>2.&nbsp;&nbsp;&nbsp;&nbsp;&nbsp;&nbsp;&nbsp;&nbsp; Leistungsbereitschaft, Aktivit\u00e4t und\nKreativit\u00e4t<\/strong><\/p>\n\n\n\n<p>Von allen\nSch\u00fclern wird eine hohe Leistungsbereitschaft erwartet. Ihre Aktivit\u00e4t und\nKreativit\u00e4t wird gef\u00f6rdert. Die Leistungsanforderungen werden f\u00fcr Sch\u00fcler und\nEltern transparent gestaltet.<\/p>\n\n\n\n<p><strong>3.&nbsp;&nbsp;&nbsp;&nbsp;&nbsp;&nbsp;&nbsp;&nbsp; Normen und Werte<\/strong><\/p>\n\n\n\n<p>Einen hohen\nStellenwert haben an unserer Schule Ordnung und Disziplin, ein h\u00f6fliches Miteinander,\nR\u00fccksichtnahme und gegenseitige Hilfe.<\/p>\n\n\n\n<p><strong>4.&nbsp;&nbsp;&nbsp;&nbsp;&nbsp;&nbsp;&nbsp;&nbsp; Klima<\/strong><\/p>\n\n\n\n<p>An unserer\nSchule soll sich jeder wohl f\u00fchlen. gemeinsam erarbeitete Regeln bilden das\nFundament f\u00fcr ein angenehmes Klima. Jeder hat die M\u00f6glichkeit, bei der Gestaltung\ndes Schullebens mitzuwirken.<\/p>\n\n\n\n<p><strong>5.&nbsp;&nbsp;&nbsp;&nbsp;&nbsp;&nbsp;&nbsp;&nbsp; Traditionen<\/strong><\/p>\n\n\n\n<p>Viele sch\u00f6ne\nTraditionen wie die Teilnahme an Wettbewerben aller Art, die Ausrichtung von\nFesten und Projekten finden sich im Lauf des Jahreskreises.<\/p>\n\n\n\n<p><strong>6.&nbsp;&nbsp;&nbsp;&nbsp;&nbsp;&nbsp;&nbsp;&nbsp; Hortarbeit<\/strong><\/p>\n\n\n\n<p>Im Hort legen\nwir Wert auf vielf\u00e4ltige Angebote f\u00fcr eine interessenbezogene Freizeitgestaltung.\nBei der Anfertigung der Hausaufgaben f\u00f6rdern wir die Selbstst\u00e4ndigkeit und\nSelbstkontrolle.<\/p>\n\n\n\n<p><strong>7.&nbsp;&nbsp;&nbsp;&nbsp;&nbsp;&nbsp;&nbsp;&nbsp; Elternarbeit<\/strong><\/p>\n\n\n\n<p>Wir freuen\nuns, wenn Eltern rege an unserem Schulleben teilnehmen und unterst\u00fctzen die\nEltern in Fragen der Schullaufbahn.<\/p>\n\n\n\n<p><strong>8.&nbsp;&nbsp;&nbsp;&nbsp;&nbsp;&nbsp;&nbsp;&nbsp; Kooperation<\/strong><\/p>\n\n\n\n<p>Unsere Schule\nsoll fest im Bewusstsein der \u00d6ffentlichkeit verankert sein. Das erreichen wir\ndurch:<\/p>\n\n\n\n<ul><li>gute\nZusammenarbeit mit allen Kooperationspartnern(wie Kindergarten, weiterf\u00fchrende\nSchulen)<\/li><li>Kontakte\nzur Stadtverwaltung Geisa, ortsans\u00e4ssigen Firmen und Sportvereinen.<\/li><\/ul>\n\n\n\n<p>Ergebnisse unserer Arbeit pr\u00e4sentieren wir im Schulhaus und gelegentlich in der Presse.<br> <\/p>\n","protected":false},"excerpt":{"rendered":"<p>1.&nbsp;&nbsp;&nbsp;&nbsp;&nbsp;&nbsp;&nbsp;&nbsp; Unterricht Ein guter Sch\u00fcler steht im Mittelpunkt aller Bem\u00fchungen. Unser Unterricht wird so gestaltet, dass alle Sch\u00fcler das Lernen erlernen. Wir unterst\u00fctzen die Sch\u00fcler bei dem Prozess sowohl durch offene Unterrichtsformen als auch durch innere und \u00e4u\u00dfere Differenzierung. 2.&nbsp;&nbsp;&nbsp;&nbsp;&nbsp;&nbsp;&nbsp;&nbsp; Leistungsbereitschaft, Aktivit\u00e4t und Kreativit\u00e4t Von allen Sch\u00fclern wird eine hohe Leistungsbereitschaft erwartet. Ihre Aktivit\u00e4t und [&hellip;]<\/p>\n","protected":false},"author":7,"featured_media":0,"parent":0,"menu_order":0,"comment_status":"closed","ping_status":"closed","template":"","meta":{"footnotes":""},"_links":{"self":[{"href":"https:\/\/www.grundschule-geisa.de\/index.php?rest_route=\/wp\/v2\/pages\/58"}],"collection":[{"href":"https:\/\/www.grundschule-geisa.de\/index.php?rest_route=\/wp\/v2\/pages"}],"about":[{"href":"https:\/\/www.grundschule-geisa.de\/index.php?rest_route=\/wp\/v2\/types\/page"}],"author":[{"embeddable":true,"href":"https:\/\/www.grundschule-geisa.de\/index.php?rest_route=\/wp\/v2\/users\/7"}],"replies":[{"embeddable":true,"href":"https:\/\/www.grundschule-geisa.de\/index.php?rest_route=%2Fwp%2Fv2%2Fcomments&post=58"}],"version-history":[{"count":3,"href":"https:\/\/www.grundschule-geisa.de\/index.php?rest_route=\/wp\/v2\/pages\/58\/revisions"}],"predecessor-version":[{"id":519,"href":"https:\/\/www.grundschule-geisa.de\/index.php?rest_route=\/wp\/v2\/pages\/58\/revisions\/519"}],"wp:attachment":[{"href":"https:\/\/www.grundschule-geisa.de\/index.php?rest_route=%2Fwp%2Fv2%2Fmedia&parent=58"}],"curies":[{"name":"wp","href":"https:\/\/api.w.org\/{rel}","templated":true}]}}