{"id":57,"date":"2017-11-07T19:57:27","date_gmt":"2017-11-07T19:57:27","guid":{"rendered":"http:\/\/grundschule-geisa.de\/?page_id=57"},"modified":"2025-10-01T12:45:24","modified_gmt":"2025-10-01T12:45:24","slug":"elternvertreter","status":"publish","type":"page","link":"https:\/\/www.grundschule-geisa.de\/?page_id=57","title":{"rendered":"Elternvertreter"},"content":{"rendered":"\n<p><strong>Klassenelternsprecher:&nbsp;&nbsp;&nbsp;&nbsp;&nbsp;&nbsp;&nbsp; <\/strong><\/p>\n\n\n\n<p>Klasse 1a: Herr Hepp, Frau Hohmann<\/p>\n\n\n\n<p>Klasse 1b: Frau Volkmar, Frau M. Nimmich<\/p>\n\n\n\n<p>Klasse 2: Frau Turi, Frau Knauf<\/p>\n\n\n\n<p>Klasse 3a: Frau Ernst, Frau Hruschka<\/p>\n\n\n\n<p>Klasse 3b: Frau R\u00f6\u00dfler, Frau Mattke<\/p>\n\n\n\n<p>Klasse 4a: Frau A. Nimmich, Frau R\u00fcbsam<\/p>\n\n\n\n<p>Klasse 4b: Frau Hergert, Frau Hammerschmidt\u00a0\u00a0\u00a0\u00a0\u00a0\u00a0\u00a0\u00a0<\/p>\n\n\n\n<p><strong>Schulelternsprecher: <\/strong><\/p>\n\n\n\n<p>Vorsitzende: Frau Anja Nimmich<br>Stellvertreter: Frau Anja R\u00f6\u00dfler<\/p>\n\n\n\n<p>&nbsp;&nbsp;&nbsp;&nbsp;&nbsp;&nbsp;&nbsp;&nbsp;&nbsp;&nbsp;&nbsp;&nbsp;&nbsp;&nbsp;&nbsp;&nbsp;&nbsp;&nbsp;&nbsp;&nbsp;&nbsp;&nbsp;&nbsp; <\/p>\n","protected":false},"excerpt":{"rendered":"<p>Klassenelternsprecher:&nbsp;&nbsp;&nbsp;&nbsp;&nbsp;&nbsp;&nbsp; Klasse 1a: Herr Hepp, Frau Hohmann Klasse 1b: Frau Volkmar, Frau M. Nimmich Klasse 2: Frau Turi, Frau Knauf Klasse 3a: Frau Ernst, Frau Hruschka Klasse 3b: Frau R\u00f6\u00dfler, Frau Mattke Klasse 4a: Frau A. Nimmich, Frau R\u00fcbsam Klasse 4b: Frau Hergert, Frau Hammerschmidt\u00a0\u00a0\u00a0\u00a0\u00a0\u00a0\u00a0\u00a0 Schulelternsprecher: Vorsitzende: Frau Anja NimmichStellvertreter: Frau Anja R\u00f6\u00dfler &nbsp;&nbsp;&nbsp;&nbsp;&nbsp;&nbsp;&nbsp;&nbsp;&nbsp;&nbsp;&nbsp;&nbsp;&nbsp;&nbsp;&nbsp;&nbsp;&nbsp;&nbsp;&nbsp;&nbsp;&nbsp;&nbsp;&nbsp;<\/p>\n","protected":false},"author":7,"featured_media":0,"parent":0,"menu_order":0,"comment_status":"closed","ping_status":"closed","template":"","meta":{"footnotes":""},"_links":{"self":[{"href":"https:\/\/www.grundschule-geisa.de\/index.php?rest_route=\/wp\/v2\/pages\/57"}],"collection":[{"href":"https:\/\/www.grundschule-geisa.de\/index.php?rest_route=\/wp\/v2\/pages"}],"about":[{"href":"https:\/\/www.grundschule-geisa.de\/index.php?rest_route=\/wp\/v2\/types\/page"}],"author":[{"embeddable":true,"href":"https:\/\/www.grundschule-geisa.de\/index.php?rest_route=\/wp\/v2\/users\/7"}],"replies":[{"embeddable":true,"href":"https:\/\/www.grundschule-geisa.de\/index.php?rest_route=%2Fwp%2Fv2%2Fcomments&post=57"}],"version-history":[{"count":23,"href":"https:\/\/www.grundschule-geisa.de\/index.php?rest_route=\/wp\/v2\/pages\/57\/revisions"}],"predecessor-version":[{"id":2608,"href":"https:\/\/www.grundschule-geisa.de\/index.php?rest_route=\/wp\/v2\/pages\/57\/revisions\/2608"}],"wp:attachment":[{"href":"https:\/\/www.grundschule-geisa.de\/index.php?rest_route=%2Fwp%2Fv2%2Fmedia&parent=57"}],"curies":[{"name":"wp","href":"https:\/\/api.w.org\/{rel}","templated":true}]}}