{"id":508,"date":"2019-03-06T15:54:41","date_gmt":"2019-03-06T15:54:41","guid":{"rendered":"http:\/\/grundschule-geisa.de\/?page_id=508"},"modified":"2025-10-02T13:11:43","modified_gmt":"2025-10-02T13:11:43","slug":"jahresplan","status":"publish","type":"page","link":"https:\/\/www.grundschule-geisa.de\/?page_id=508","title":{"rendered":"Jahresplan 2025\/26"},"content":{"rendered":"\n<p class=\"has-text-align-left\"><strong><em><mark>Termine<\/mark><\/em><\/strong>:<\/p>\n\n\n\n<p><\/p>\n\n\n\n<p><strong>29.08.2025: <\/strong>FTZ Immelborn <em>(Klasse 4a\/b)<\/em><\/p>\n\n\n\n<p><strong>24.-26.09.2025: <\/strong>Klassenfahrt nach Uder <em>(Klasse 4a\/b)<\/em><\/p>\n\n\n\n<p><strong>21.10.2025: <\/strong>Beginn Schwimmunterricht (Klasse 3a\/b)<\/p>\n\n\n\n<p><strong>30.10.2025: <\/strong>Caritasprojekt &#8222;Chaosspiel&#8220; <em>(Klasse 1a\/b)<\/em><\/p>\n\n\n\n<p><strong>04.11.2025:<\/strong> Projekt &#8222;Wo komme ich her?&#8220;<em> (Klasse 4a\/b)<\/em><\/p>\n\n\n\n<p><strong>05.11.2025:<\/strong> ADACUS (ADAC) <em>(Klasse 1a\/b)<\/em><\/p>\n\n\n\n<p><strong>05.11.2025:<\/strong> Elternsprechtag Fachlehrer<\/p>\n\n\n\n<p><strong>24.11.2025:<\/strong> Projekttag mit der 10. Klasse <em>(Klasse 4)<\/em><\/p>\n\n\n\n<p><strong>08.12.2025:<\/strong> Theater Meiningen &#8222;Die Weihnachtsgeschichte&#8220; <em>(alle Klassen)<\/em><\/p>\n\n\n\n<p><strong>21.01.2026:<\/strong> Schnuppertag der zuk\u00fcnftigen Schulanf\u00e4nger 2026\/27<\/p>\n\n\n\n<p><strong>12.02.2026:<\/strong> Schulfasching<\/p>\n\n\n\n<p><strong>09.03.2026:<\/strong> Caritasprojekt &#8222;Kinderschutzparcours&#8220; <em>(Klasse 4a\/b)<\/em><\/p>\n\n\n\n<p><strong>11.03.2026:<\/strong> Schnuppertag f\u00fcr zuk\u00fcnftige Schulanf\u00e4nger<\/p>\n\n\n\n<p><strong>28.04.2026:<\/strong> Kompetenztest Deutsch &#8211; Lesen <em>(Klasse 3a\/b)<\/em><\/p>\n\n\n\n<p><strong>29.04.2026:<\/strong> Beginn Radfahrausbildung <em>(Klasse 4a\/b)<\/em><\/p>\n\n\n\n<p><strong>30.04.2026:<\/strong> Kompetenztest Deutsch &#8211; Rechtschreibung <em>(Klasse 3a\/b)<\/em><\/p>\n\n\n\n<p><strong>05.05.2026:<\/strong> Kompetenztest Mathematik  <em>(Klasse 3a\/b)<\/em><\/p>\n\n\n\n<p><strong>06.05.2026:<\/strong> Radfahrausbildung <em>(Klasse 4a\/b)<\/em><\/p>\n\n\n\n<p><strong>13.05.2026:<\/strong> Radfahrausbildung <em>(Klasse 4a\/b)<\/em><\/p>\n\n\n\n<p><strong>20.05.2026:<\/strong> Radfahrausbildung <em>(Klasse 4a\/b)<\/em><\/p>\n\n\n\n<p><strong>28.05.2026:<\/strong> Radfahrausbildung <em>(Klasse 4a\/b)<\/em><\/p>\n\n\n\n<p><strong>01.-05.06.2026:<\/strong> Zirkusprojekt <em>(alle Klassen)<\/em><\/p>\n\n\n\n<p><strong>11.06.2025:<\/strong> Caritasprojekt &#8211; Outdoortag <em>(Klasse 3a\/b)<\/em><\/p>\n\n\n\n<p><strong>16. oder 18.06.2025:<\/strong> Bundesjugendspiele <em>(alle Klassen)<\/em><\/p>\n\n\n\n<p><mark><em><strong>Zeugnistermine:<\/strong><\/em><\/mark><\/p>\n\n\n\n<p>13.02.2026, 03.07.2026<\/p>\n\n\n\n<p><strong><em><mark>Termine zum \u00dcbertritt Gymnasium\/Regelschule:<\/mark><\/em><\/strong><\/p>\n\n\n\n<p><a rel=\"noreferrer noopener\" href=\"https:\/\/bildung.thueringen.de\/schule\/schularten\/gymnasium\" target=\"_blank\">Gymnasium&nbsp;|&nbsp;Th\u00fcringer Ministerium f\u00fcr Bildung, Jugend und Sport (thueringen.de)<\/a><\/p>\n\n\n\n<p><a href=\"https:\/\/bildung.thueringen.de\/schule\/schularten\/regelschule\" target=\"_blank\" rel=\"noreferrer noopener\">Regelschule&nbsp;|&nbsp;Th\u00fcringer Ministerium f\u00fcr Bildung, Jugend und Sport (thueringen.de)<\/a><\/p>\n\n\n\n<p><strong><em><mark>Variable Ferientage:<\/mark><\/em><\/strong><\/p>\n\n\n\n<p><\/p>\n\n\n\n<p><strong>01.12.2025<\/strong><\/p>\n\n\n\n<p>&nbsp;&nbsp;&nbsp;&nbsp;&nbsp;&nbsp;&nbsp;&nbsp;&nbsp;&nbsp;&nbsp;&nbsp;&nbsp;&nbsp;&nbsp;&nbsp;&nbsp;&nbsp;&nbsp;&nbsp;&nbsp;&nbsp;&nbsp;&nbsp;&nbsp;&nbsp;&nbsp;&nbsp;&nbsp;&nbsp;&nbsp;&nbsp;&nbsp;<\/p>\n\n\n\n\n\n<p>&nbsp;&nbsp;&nbsp;&nbsp;&nbsp;&nbsp;&nbsp;&nbsp;&nbsp;&nbsp;&nbsp;&nbsp;&nbsp;&nbsp;&nbsp;&nbsp;&nbsp;&nbsp;&nbsp;&nbsp;&nbsp;&nbsp;&nbsp;&nbsp;&nbsp;&nbsp;&nbsp;&nbsp;&nbsp;&nbsp;&nbsp;&nbsp;&nbsp;&nbsp;&nbsp;&nbsp;&nbsp;&nbsp;&nbsp;&nbsp;&nbsp;<\/p>\n\n\n\n\n\n<p><\/p>\n\n\n\n<p><\/p>\n","protected":false},"excerpt":{"rendered":"<p>Termine: 29.08.2025: FTZ Immelborn (Klasse 4a\/b) 24.-26.09.2025: Klassenfahrt nach Uder (Klasse 4a\/b) 21.10.2025: Beginn Schwimmunterricht (Klasse 3a\/b) 30.10.2025: Caritasprojekt &#8222;Chaosspiel&#8220; (Klasse 1a\/b) 04.11.2025: Projekt &#8222;Wo komme ich her?&#8220; (Klasse 4a\/b) 05.11.2025: ADACUS (ADAC) (Klasse 1a\/b) 05.11.2025: Elternsprechtag Fachlehrer 24.11.2025: Projekttag mit der 10. Klasse (Klasse 4) 08.12.2025: Theater Meiningen &#8222;Die Weihnachtsgeschichte&#8220; (alle Klassen) 21.01.2026: Schnuppertag [&hellip;]<\/p>\n","protected":false},"author":7,"featured_media":0,"parent":0,"menu_order":0,"comment_status":"closed","ping_status":"closed","template":"","meta":{"footnotes":""},"_links":{"self":[{"href":"https:\/\/www.grundschule-geisa.de\/index.php?rest_route=\/wp\/v2\/pages\/508"}],"collection":[{"href":"https:\/\/www.grundschule-geisa.de\/index.php?rest_route=\/wp\/v2\/pages"}],"about":[{"href":"https:\/\/www.grundschule-geisa.de\/index.php?rest_route=\/wp\/v2\/types\/page"}],"author":[{"embeddable":true,"href":"https:\/\/www.grundschule-geisa.de\/index.php?rest_route=\/wp\/v2\/users\/7"}],"replies":[{"embeddable":true,"href":"https:\/\/www.grundschule-geisa.de\/index.php?rest_route=%2Fwp%2Fv2%2Fcomments&post=508"}],"version-history":[{"count":22,"href":"https:\/\/www.grundschule-geisa.de\/index.php?rest_route=\/wp\/v2\/pages\/508\/revisions"}],"predecessor-version":[{"id":2658,"href":"https:\/\/www.grundschule-geisa.de\/index.php?rest_route=\/wp\/v2\/pages\/508\/revisions\/2658"}],"wp:attachment":[{"href":"https:\/\/www.grundschule-geisa.de\/index.php?rest_route=%2Fwp%2Fv2%2Fmedia&parent=508"}],"curies":[{"name":"wp","href":"https:\/\/api.w.org\/{rel}","templated":true}]}}

<p class="has-text-align-left"><strong><em><mark>Termine</mark></em></strong>:</p>



<p></p>



<p><strong>29.08.2025: </strong>FTZ Immelborn <em>(Klasse 4a/b)</em></p>



<p><strong>24.-26.09.2025: </strong>Klassenfahrt nach Uder <em>(Klasse 4a/b)</em></p>



<p><strong>21.10.2025: </strong>Beginn Schwimmunterricht (Klasse 3a/b)</p>



<p><strong>30.10.2025: </strong>Caritasprojekt &#8222;Chaosspiel&#8220; <em>(Klasse 1a/b)</em></p>



<p><strong>04.11.2025:</strong> Projekt &#8222;Wo komme ich her?&#8220;<em> (Klasse 4a/b)</em></p>



<p><strong>05.11.2025:</strong> ADACUS (ADAC) <em>(Klasse 1a/b)</em></p>



<p><strong>05.11.2025:</strong> Elternsprechtag Fachlehrer</p>



<p><strong>24.11.2025:</strong> Projekttag mit der 10. Klasse <em>(Klasse 4)</em></p>



<p><strong>08.12.2025:</strong> Theater Meiningen &#8222;Die Weihnachtsgeschichte&#8220; <em>(alle Klassen)</em></p>



<p><strong>21.01.2026:</strong> Schnuppertag der zukünftigen Schulanfänger 2026/27</p>



<p><strong>12.02.2026:</strong> Schulfasching</p>



<p><strong>09.03.2026:</strong> Caritasprojekt &#8222;Kinderschutzparcours&#8220; <em>(Klasse 4a/b)</em></p>



<p><strong>11.03.2026:</strong> Schnuppertag für zukünftige Schulanfänger</p>



<p><strong>28.04.2026:</strong> Kompetenztest Deutsch &#8211; Lesen <em>(Klasse 3a/b)</em></p>



<p><strong>29.04.2026:</strong> Beginn Radfahrausbildung <em>(Klasse 4a/b)</em></p>



<p><strong>30.04.2026:</strong> Kompetenztest Deutsch &#8211; Rechtschreibung <em>(Klasse 3a/b)</em></p>



<p><strong>05.05.2026:</strong> Kompetenztest Mathematik  <em>(Klasse 3a/b)</em></p>



<p><strong>06.05.2026:</strong> Radfahrausbildung <em>(Klasse 4a/b)</em></p>



<p><strong>13.05.2026:</strong> Radfahrausbildung <em>(Klasse 4a/b)</em></p>



<p><strong>20.05.2026:</strong> Radfahrausbildung <em>(Klasse 4a/b)</em></p>



<p><strong>28.05.2026:</strong> Radfahrausbildung <em>(Klasse 4a/b)</em></p>



<p><strong>01.-05.06.2026:</strong> Zirkusprojekt <em>(alle Klassen)</em></p>



<p><strong>11.06.2025:</strong> Caritasprojekt &#8211; Outdoortag <em>(Klasse 3a/b)</em></p>



<p><strong>16. oder 18.06.2025:</strong> Bundesjugendspiele <em>(alle Klassen)</em></p>



<p><mark><em><strong>Zeugnistermine:</strong></em></mark></p>



<p>13.02.2026, 03.07.2026</p>



<p><strong><em><mark>Termine zum Übertritt Gymnasium/Regelschule:</mark></em></strong></p>



<p><a rel="noreferrer noopener" href="https://bildung.thueringen.de/schule/schularten/gymnasium" target="_blank">Gymnasium&nbsp;|&nbsp;Thüringer Ministerium für Bildung, Jugend und Sport (thueringen.de)</a></p>



<p><a href="https://bildung.thueringen.de/schule/schularten/regelschule" target="_blank" rel="noreferrer noopener">Regelschule&nbsp;|&nbsp;Thüringer Ministerium für Bildung, Jugend und Sport (thueringen.de)</a></p>



<p><strong><em><mark>Variable Ferientage:</mark></em></strong></p>



<p></p>



<p><strong>01.12.2025</strong></p>



<p>&nbsp;&nbsp;&nbsp;&nbsp;&nbsp;&nbsp;&nbsp;&nbsp;&nbsp;&nbsp;&nbsp;&nbsp;&nbsp;&nbsp;&nbsp;&nbsp;&nbsp;&nbsp;&nbsp;&nbsp;&nbsp;&nbsp;&nbsp;&nbsp;&nbsp;&nbsp;&nbsp;&nbsp;&nbsp;&nbsp;&nbsp;&nbsp;&nbsp;</p>





<p>&nbsp;&nbsp;&nbsp;&nbsp;&nbsp;&nbsp;&nbsp;&nbsp;&nbsp;&nbsp;&nbsp;&nbsp;&nbsp;&nbsp;&nbsp;&nbsp;&nbsp;&nbsp;&nbsp;&nbsp;&nbsp;&nbsp;&nbsp;&nbsp;&nbsp;&nbsp;&nbsp;&nbsp;&nbsp;&nbsp;&nbsp;&nbsp;&nbsp;&nbsp;&nbsp;&nbsp;&nbsp;&nbsp;&nbsp;&nbsp;&nbsp;</p>





<p></p>



<p></p>
